{"id":165,"date":"2013-09-13T15:59:54","date_gmt":"2013-09-13T15:59:54","guid":{"rendered":"http:\/\/www.almasibalazs.hu\/?page_id=165"},"modified":"2019-01-03T13:13:24","modified_gmt":"2019-01-03T13:13:24","slug":"kapcsolat","status":"publish","type":"page","link":"https:\/\/almasibalazs.hu\/?page_id=165","title":{"rendered":"Kapcsolat"},"content":{"rendered":"<h4>Alm\u00e1si Bal\u00e1zs DLA, Ph.D<\/h4>\n<p>Amennyiben szeretn\u00e9 felvenni velem a kapcsolatot, az al\u00e1bbi \u0171rlap kit\u00f6lt\u00e9s\u00e9vel ezt egyszer\u0171en megteheti.<\/p>\n<p>K\u00f6sz\u00f6n\u00f6m!<\/p>\n<div id=\"vscf\" class=\"vscf-shortcode\"><form name=\"vscf_165\" id=\"vscf-form\" method=\"post\">\r\n\t<div class=\"form-group vscf-name-group\">\r\n\t\t<label for=\"vscf_name\" class=\"vscf-label\">N\u00e9v <\/label>\r\n\t\t<input type=\"text\" name=\"vscf_name_165\" id=\"vscf_name\"  class=\"form-control\" placeholder=\"\" value=\"\" minlength=\"2\" maxlength=\"100\" aria-required=\"true\" \/>\r\n\t\t\r\n\t<\/div>\r\n\t<div class=\"form-group vscf-email-group\">\r\n\t\t<label for=\"vscf_email\" class=\"vscf-label\">Email c\u00edm <\/label>\r\n\t\t<input type=\"email\" name=\"vscf_email_165\" id=\"vscf_email\"  class=\"form-control\" placeholder=\"\" value=\"\" maxlength=\"100\" aria-required=\"true\" \/>\r\n\t\t\r\n\t<\/div>\r\n\t\r\n\t\t<div class=\"form-group vscf-subject-group\">\r\n\t\t\t<label for=\"vscf_subject\" class=\"vscf-label\">T\u00e1rgy <\/label>\r\n\t\t\t<input type=\"text\" name=\"vscf_subject_165\" id=\"vscf_subject\"  class=\"form-control\" placeholder=\"\" value=\"\" minlength=\"2\" maxlength=\"100\" aria-required=\"true\" \/>\r\n\t\t\t\r\n\t\t<\/div>\r\n\t\r\n\t\r\n\t\t<div class=\"form-group vscf-sum-group\">\r\n\t\t\t<label for=\"vscf_sum\" class=\"vscf-label\">3 + 4 =<\/label>\r\n\t\t\t<input type=\"text\" name=\"vscf_sum_165\" id=\"vscf_sum\"  class=\"form-control\" placeholder=\"\" value=\"\" pattern=\"[0-9]{1,2}\" maxlength=\"100\" aria-required=\"true\" \/>\r\n\t\t\t\r\n\t\t<\/div>\r\n\t\r\n\t<div class=\"form-group vscf-hide\">\r\n\t\t<label for=\"vscf_first_random\">Please ignore this field<\/label>\r\n\t\t<input type=\"text\" name=\"vscf_first_random_165\" id=\"vscf_first_random\" class=\"form-control\" tabindex=\"-1\" value=\"\" maxlength=\"100\" \/>\r\n\t<\/div>\r\n\t<div class=\"form-group vscf-hide\">\r\n\t\t<label for=\"vscf_second_random\">Please ignore this field<\/label>\r\n\t\t<input type=\"text\" name=\"vscf_second_random_165\" id=\"vscf_second_random\" class=\"form-control\" tabindex=\"-1\" value=\"\" maxlength=\"100\" \/>\r\n\t<\/div>\r\n\t<div class=\"form-group vscf-message-group\">\r\n\t\t<label for=\"vscf_message\" class=\"vscf-label\">\u00dczenet <\/label>\r\n\t\t<textarea name=\"vscf_message_165\" id=\"vscf_message\" rows=\"10\"  class=\"form-control\" placeholder=\"\" minlength=\"10\" maxlength=\"10000\" aria-required=\"true\"><\/textarea>\r\n\t\t\r\n\t<\/div>\r\n\t<div class=\"form-group vscf-display-none\">\r\n\t\t<input type=\"hidden\" name=\"vscf_time_165\" id=\"vscf_time\" class=\"form-control\" value=\"1776650759\" \/>\r\n\t<\/div>\r\n\t\r\n\t\t<div class=\"form-group vscf-privacy-group\">\r\n\t\t\t<input type=\"hidden\" name=\"vscf_privacy_165\" id=\"vscf_privacy_hidden\" value=\"no\" \/>\r\n\t\t\t<input type=\"checkbox\" name=\"vscf_privacy_165\" id=\"vscf_privacy\" class=\"custom-control-input\" value=\"yes\"  aria-required=\"true\" \/>\r\n\t\t\t<label for=\"vscf_privacy\">I consent to having this website collect my personal data via this form.<\/label>\r\n\t\t\t\r\n\t\t<\/div>\r\n\t\r\n\t<div class=\"form-group vscf-display-none\">\r\n\t\t<input type=\"hidden\" id=\"vscf_nonce\" name=\"vscf_nonce\" value=\"c06187d8eb\" \/><input type=\"hidden\" name=\"_wp_http_referer\" value=\"\/index.php?rest_route=%2Fwp%2Fv2%2Fpages%2F165\" \/>\r\n\t<\/div>\r\n\t<div class=\"form-group vscf-submit-group\">\r\n\t\t<button type=\"submit\" name=\"vscf_send_165\" id=\"vscf_send\" class=\"btn btn-primary\">Elk\u00fcld<\/button>\r\n\t<\/div>\r\n\t\r\n<\/form><\/div>\n","protected":false},"excerpt":{"rendered":"<p>Alm\u00e1si Bal\u00e1zs DLA, Ph.D Amennyiben szeretn\u00e9 felvenni velem a kapcsolatot, az al\u00e1bbi \u0171rlap kit\u00f6lt\u00e9s\u00e9vel ezt egyszer\u0171en megteheti. K\u00f6sz\u00f6n\u00f6m!<\/p>\n","protected":false},"author":1,"featured_media":0,"parent":0,"menu_order":0,"comment_status":"closed","ping_status":"closed","template":"","meta":{"_monsterinsights_skip_tracking":false,"_monsterinsights_sitenote_active":false,"_monsterinsights_sitenote_note":"","_monsterinsights_sitenote_category":0,"footnotes":""},"class_list":["post-165","page","type-page","status-publish","hentry"],"_links":{"self":[{"href":"https:\/\/almasibalazs.hu\/index.php?rest_route=\/wp\/v2\/pages\/165","targetHints":{"allow":["GET"]}}],"collection":[{"href":"https:\/\/almasibalazs.hu\/index.php?rest_route=\/wp\/v2\/pages"}],"about":[{"href":"https:\/\/almasibalazs.hu\/index.php?rest_route=\/wp\/v2\/types\/page"}],"author":[{"embeddable":true,"href":"https:\/\/almasibalazs.hu\/index.php?rest_route=\/wp\/v2\/users\/1"}],"replies":[{"embeddable":true,"href":"https:\/\/almasibalazs.hu\/index.php?rest_route=%2Fwp%2Fv2%2Fcomments&post=165"}],"version-history":[{"count":37,"href":"https:\/\/almasibalazs.hu\/index.php?rest_route=\/wp\/v2\/pages\/165\/revisions"}],"predecessor-version":[{"id":2851,"href":"https:\/\/almasibalazs.hu\/index.php?rest_route=\/wp\/v2\/pages\/165\/revisions\/2851"}],"wp:attachment":[{"href":"https:\/\/almasibalazs.hu\/index.php?rest_route=%2Fwp%2Fv2%2Fmedia&parent=165"}],"curies":[{"name":"wp","href":"https:\/\/api.w.org\/{rel}","templated":true}]}}